
Let z(t) = t**3 + 9*t**2 - 23*t - 142. Give z(-7).
117
Let s(o) = o**3 + 45*o**2 + 412*o - 230. Give s(-32).
-102
Let v(y) = -y**3 + 5*y**2 + 39*y + 113. Calculate v(10).
3
Let v(t) = -1074*t + 9669. Calculate v(9).
3
Let k(l) = l**3 + 203*l**2 - 1472*l - 433. Give k(-210).
-13
Let f(g) = -11*g**2 - 410*g - 118. What is f(-37)?
-7
Let x(g) = -2*g**3 + 179*g**2 + 87*g + 266. Determine x(90).
-4
Let i(v) = v**2 + 4*v - 481. Calculate i(0).
-481
Let v(m) = 228*m - 1376. What is v(6)?
-8
Let k(r) = -7*r**2 - 378*r + 753. What is k(2)?
-31
Let z(i) = 3*i**2 + 40*i + 86. Calculate z(-11).
9
Let a(b) = -3*b**2 + 2*b + 360. What is a(11)?
19
Let x(v) = 15*v**2 - 59*v - 4. Calculate x(4).
0
Let w(s) = -s**3 + 6*s**2 + 15*s + 15. Give w(8).
7
Let d(y) = -70*y + 3430. Determine d(48).
70
Let x(l) = -l**2 - 29*l - 228. Determine x(-13).
-20
Let g(j) = 2*j**2 + 6*j - 32. What is g(-7)?
24
Let k(s) = 26*s - 123. Give k(7).
59
Let s(z) = 5*z**2 + 1934*z + 9680. Determine s(-5).
135
Let c(n) = -92*n - 384. Calculate c(-6).
168
Let d(m) = -14*m**2 + 49*m + 31. What is d(4)?
3
Let w(m) = -230*m - 1404. Give w(-6).
-24
Let q(z) = 1058*z + 5290. What is q(-5)?
0
Let b(o) = -14*o - 50. Determine b(-3).
-8
Let u(z) = 2*z**3 + 6*z**2 - 47*z - 212. Give u(-4).
-56
Let m(u) = u**2 - 46*u + 170. What is m(42)?
2
Let p(f) = 334*f + 11766. What is p(-35)?
76
Let a(p) = -113*p + 463. What is a(5)?
-102
Let c(x) = -3*x**2 - 2*x - 2. Give c(1).
-7
Let s(m) = m**3 - 2*m**2 - 17*m. What is s(5)?
-10
Let n(j) = -46*j**2 - 259*j + 98. Determine n(-6).
-4
Let s(q) = -11*q**2 + 12*q + 179. Calculate s(5).
-36
Let t(f) = -4805*f - 28825. What is t(-6)?
5
Let j(m) = m**3 + 44*m**2 + 92*m + 387. Give j(-42).
51
Let j(x) = 9*x**2 + 7*x + 7. Determine j(-1).
9
Let a(g) = g**3 + 103*g**2 + 2415*g + 98. What is a(-36)?
-10
Let g(n) = 3*n**3 - 23*n**2 + 18*n - 44. Calculate g(7).
-16
Let o(x) = -x**2 - 6*x + 398. Give o(-23).
7
Let k(o) = 85*o + 516. Calculate k(-6).
6
Let o(l) = -l**3 - 46*l**2 - 81*l + 401. Determine o(-44).
93
Let f(g) = -g**2 + 35*g + 661. What is f(-16)?
-155
Let i(h) = -2*h**2 + 1788*h - 12416. Determine i(7).
2
Let z(m) = -1695*m + 67785. Calculate z(40).
-15
Let o(j) = -19*j - 73. Give o(-4).
3
Let a(f) = -f**3 + 69*f**2 - 502*f + 860. Determine a(61).
6
Let f(n) = 2601*n + 163866. Determine f(-63).
3
Let p(w) = 5*w**3 + 337*w**2 - 205*w - 151. What is p(-68)?
-83
Let r(y) = 2*y**3 - 76*y**2 + 595*y - 15. What is r(11)?
-4
Let f(y) = y**3 + 15*y**2 + 8*y + 138. What is f(-15)?
18
Let r(y) = -y**3 - 34*y**2 + 245*y - 4. Calculate r(6).
26
Let y(d) = d**2 - 27*d - 292. Calculate y(-8).
-12
Let c(p) = -p**2 + 57*p - 154. Calculate c(54).
8
Let s(h) = 124*h + 7989. Determine s(-64).
53
Let m(g) = 5*g**3 + 123*g**2 + 73*g + 34. Give m(-24).
10
Let k(a) = 2*a**2 - 160*a + 627. Give k(4).
19
Let p(s) = s**3 - 10*s**2 + 9*s - 49. What is p(9)?
-49
Let l(o) = 239*o - 5974. Give l(25).
1
Let x(m) = 3*m**2 + 234*m - 2597. What is x(-88)?
43
Let f(h) = -4*h**2 + 5*h + 84. What is f(-4)?
0
Let w(l) = 29*l**2 + 2666*l - 185. Calculate w(-92).
-1
Let n(h) = 11*h + 105. Give n(-24).
-159
Let o(s) = -3*s + 103. Give o(31).
10
Let t(p) = -275*p + 559. Determine t(2).
9
Let l(z) = -z**3 - 6*z**2. Determine l(3).
-81
Let h(f) = 4*f**3 + 61*f**2 + 10*f - 23. What is h(-15)?
52
Let y(v) = -2*v**2 + 104*v - 1318. What is y(29)?
16
Let j(k) = 3*k**2 + 2250*k + 8968. What is j(-4)?
16
Let n(f) = -3*f**2 + 15*f + 395. Determine n(-8).
83
Let o(b) = b**3 + 100*b**2 - 523*b + 92. Give o(-105).
-118
Let a(s) = -266*s + 6768. Calculate a(25).
118
Let w(y) = -14*y**2 - 32*y - 1. What is w(4)?
-353
Let f(g) = 28*g**2 + 15*g - 6. What is f(1)?
37
Let j(i) = -9*i**2 + 28*i - 6. Calculate j(2).
14
Let a(t) = -t**3 - 5*t**2 + 12*t + 8. Determine a(-7).
22
Let w(o) = -o**3 - 10*o**2 - 33*o - 180. Determine w(-9).
36
Let z(b) = b**2 + 11*b - 2325. Determine z(43).
-3
Let d(a) = -5*a**2 - 345*a - 333. Determine d(-68).
7
Let l(w) = -3*w**2 + 63*w + 592. Calculate l(-8).
-104
Let v(f) = -f**3 + 3*f**2 + 32*f - 110. What is v(3)?
-14
Let b(r) = 2*r**2 + 9*r + 13. Calculate b(-3).
4
Let k(o) = -107*o + 986. What is k(9)?
23
Let t(h) = 78*h + 2422. What is t(-31)?
4
Let l(v) = 17*v**3 - 26*v**2 - 3*v - 3. What is l(-2)?
-237
Let b(o) = 598*o - 2987. What is b(5)?
3
Let b(t) = 37*t - 745. What is b(20)?
-5
Let d(v) = v**3 - 50*v**2 - 156*v - 77. Calculate d(53).
82
Let s(o) = -2*o**3 + o**2 + 5*o - 25. Determine s(5).
-225
Let z(y) = -3*y**2 + 62*y - 50. Give z(20).
-10
Let u(k) = -k**2 - 17*k + 54. Calculate u(5).
-56
Let j(a) = -317*a - 2897. Determine j(-10).
273
Let m(y) = -2*y**3 - 30*y**2 - 4*y - 138. What is m(-15)?
-78
Let t(r) = r**3 - 45*r**2 + 256*r - 375. What is t(3)?
15
Let x(f) = f**3 + 33*f**2 + 62*f + 7769. Give x(-37).
-1
Let k(s) = -96*s + 11781. Determine k(123).
-27
Let p(c) = -9689*c - 38748. Determine p(-4).
8
Let x(a) = -46*a + 210. Give x(4).
26
Let u(d) = -d**2 + 2*d + 149. Give u(0).
149
Let h(w) = -43*w**2 - 158*w - 90. Determine h(-3).
-3
Let z(b) = b**3 + 63*b**2 - 432*b + 4055. What is z(-70)?
-5
Let i(p) = 524*p**2 - 12*p - 13. What is i(-1)?
523
Let a(f) = f**3 - 26*f**2 + 17*f + 165. Give a(25).
-35
Let d(x) = -106*x - 81. Give d(-3).
237
Let q(x) = -19*x + 223. Give q(12).
-5
Let q(l) = l**3 - 18*l**2 + 15*l + 228. Determine q(16).
-44
Let f(v) = 2*v**2 + 30*v - 1696. What is f(23)?
52
Let g(i) = i**3 - 26*i**2 + 119*i + 1. What is g(20)?
-19
Let s(m) = -m**3 + 217*m**2 - 1264*m - 426. Determine s(211).
-4
Let f(m) = 28*m**2 - 19*m + 43. Calculate f(2).
117
Let v(b) = -11*b**3 + 3*b**2 + 9*b + 33. Give v(-3).
330
Let s(y) = -9*y**3 + 110*y**2 - 24*y + 3. What is s(12)?
3
Let s(v) = v**3 + 12*v**2 + 5*v + 51. Calculate s(-12).
-9
Let r(k) = k**3 + 15*k**2 - 5*k - 46. Calculate r(-15).
29
Let i(q) = 2311*q - 16159. Calculate i(7).
18
Let h(m) = 2*m**3 - 13*m**2 - 35*m + 73. What is h(8)?
-15
Let q(o) = 10*o**2 + 606*o - 1. Give q(0).
-1
Let k(p) = -128*p + 1456. Determine k(11).
48
Let b(x) = -2*x**2 - 65*x - 110. Calculate b(-30).
40
Let x(z) = -37*z**2 - 568*z + 23. Determine x(-15).
218
Let r(k) = 46*k**3 + 8*k**2 + 3*k - 3. Calculate r(-1).
-44
Let r(q) = -10*q - 11. Calculate r(7).
-81
Let j(n) = 15*n - 29. What is j(1)?
-14
Let n(d) = -558*d + 5562. Determine n(10).
-18
Let c(k) = -8*k + 55. What is c(11)?
-33
Let n(m) = m**3 + 20*m**2 + 67*m + 4. Determine n(-16).
-44
Let p(d) = -2825*d + 14070. Give p(5).
-55
Let n(l) = -l**2 - 54*l - 557. What is n(-15)?
28
Let f(l) = -235*l + 2277. What is f(10)?
-73
Let y(b) = -18*b**2 + 1327*b + 367. Determine y(74).
-3
Let k(z) = z**3 + 12*z**2 + 103*z + 1245. What is k(-12)?
9
Let a(r) = -2*r**2 - 251*r + 47. Give a(0).
47
Let s(b) = b**3 + 296*b**2 - 295*b + 589. Give s(-297).
-5
Let b(z) = -z**2 - 81*z - 442. Give b(-6).
8
Let n(j) = 3*j**2 - 49*j + 176. Give n(13).
46
Let u(b) = -55*b - 526. What is u(-10)?
24
Let g(k) = -3*k**3 + 151*k**2 + 93*k - 19. What is g(51)?
-478
Let l(t) = -t**2 + 89*t - 1892. Calculate l(50).
58
Let c(i) = -476*i + 4706. Calculate c(10).
-54
Let l(b) = 977*b + 3902. Determine l(-4).
-6
Let b(k) = 2607*k - 23429. What is b(9)?
34
Let p(j) = -16*j**2 + 87*j - 32. Determine p(4).
60
Let h(p) = p**2 - 26*p + 35. Give h(31).
190
Let r(q) = -4*q**3 - 129*q**2 - 36*q - 78. Determine r(-32).
50
Let v(c) = c**3 - 4*c**2 + 31*c - 25. Give v(7).
339
Let f(c) = -13*c**2 - 87*c + 58. Give f(-7).
30
Let k(r) = 138*r - 685. Give k(5).
5
Let b(r) = -92*r**3 + 11*r**2 + 2*r - 12. Determine b(1).
-91
Let j(d) = -d**3 + 44*d**2 + 145*d - 145. What is j(47)?
43
Let g(b) = -b**3 - 24*b**2 + 98*b + 507. Calculate g(-27).
48
Let k(f) = -f**3 - f**2 + 20*f + 29. Calculate k(-5).
29
Let f(z) = 33123*z + 231850. Determine f(-7).
-11
Let m(p) = -28*p + 50. Give m(-8).
274
Let c(d) = d**2 + 172*d - 41899. Give c(136).
-11
Let x(h) = -34*h**2 - 918*h + 10. What is x(-27)?
10
Let x(d) = -1788*d + 8958. What is x(5)?
18
Let w(l) = -26*l - 853. Calculate w(-32).
-21
Let p(w) = 10*w - 423. Determine p(31).
-113
Let t(a) = 4*a - 78. What is t(41)?
86
Let m(q) = -4*q**2 + 104*q + 12. What is m(26)?
12
Let h(z) = -95*z + 576. Give h(6).
6
Let f(h) = -410*h - 36494. Calculate f(-89).
-4
Let w(s) = 1313*s - 15749. What is w(12)